t c(n) = -7*n**2 + 1664*n + 10697. Give c(244).
-39
Let m(l) = 117137*l - 702947. Calculate m(6).
-125
Let j(z) = 4*z**3 + 207*z**2 + 545*z + 283. Calculate j(-2).
-11
Let l(x) = -85*x - 5691. Give l(-67).
4
Let f(x) = -3*x**3 + 2725*x**2 - 904*x - 3637. Determine f(908).
-5
Let i(c) = 19069*c - 209834. What is i(11)?
-75
Let b(s) = 56315*s + 11769839. Give b(-209).
4
Let v(k) = 1367*k**3 - 492*k**2 - 498*k - 6. Determine v(-1).
-1367
Let m(u) = -170336*u**2 - 1192359*u - 27. Determine m(-7).
22
Let w(u) = 27689*u + 941427. What is w(-34)?
1
Let x(m) = -4*m**3 + 455*m**2 - 2283*m + 9. Give x(5).
-531
Let d(a) = a**3 - 744*a**2 - 3366*a + 1896. What is d(-5)?
1
Let h(g) = g**3 + 12*g**2 + 57*g + 597. What is h(-14)?
-593
Let x(k) = -12*k**3 - 203*k**2 + 26*k + 146. Determine x(-17).
-7
Let v(b) = 2232*b - 55974. Determine v(25).
-174
Let b(k) = 2*k**2 + 28497*k + 569152. Give b(-20).
12
Let k(a) = 56582*a + 169750. Give k(-3).
4
Let l(m) = m**3 + 268*m**2 + 9128*m + 1804. Calculate l(-228).
-20
Let p(d) = -4*d**2 + 88*d + 197. Determine p(20).
357
Let l(k) = 3*k**2 + 99*k - 60. Calculate l(-30).
-330
Let q(u) = -362*u - 34038. What is q(-94)?
-10
Let i(n) = n**3 - 23*n**2 - 62*n - 129. What is i(24)?
-1041
Let n(l) = -9*l**2 + 10490*l - 41857. Determine n(4).
-41
Let r(u) = -3925*u - 137211. What is r(-35)?
164
Let q(v) = -6*v**3 - 42*v**2 + 987*v + 6961. Calculate q(-7).
52
Let x(m) = 23*m**2 - 1883*m + 13223. What is x(7)?
1169
Let n(t) = -2*t**2 + 187*t - 165. Give n(85).
1280
Let k(r) = -356*r - 38086. What is k(-107)?
6
Let t(d) = -1358305*d + 6791507. Give t(5).
-18
Let o(f) = 9*f**3 + 8492*f - 16985. Give o(2).
71
Let k(r) = -9*r + 905. What is k(-2)?
923
Let r(i) = 34*i**2 - 6535*i + 84829. Determine r(14).
3
Let v(h) = -h**2 - 338*h + 8835. Determine v(24).
147
Let n(k) = 914*k - 2721. Calculate n(3).
21
Let g(r) = -34*r**2 + 134*r - 845. Give g(6).
-1265
Let k(j) = 68*j**3 - j**2 - 4939*j - 4940. Determine k(-1).
-70
Let x(l) = -494*l + 18809. Calculate x(38).
37
Let l(s) = -s**2 - 44*s + 33355. What is l(160)?
715
Let o(v) = -4*v**2 + 24*v - 64. Give o(-13).
-1052
Let p(a) = -9*a**2 + 24*a + 79. Give p(-7).
-530
Let b(w) = 4*w**2 + 563*w + 640. Give b(-141).
781
Let s(j) = -48056*j - 192259. Give s(-4).
-35
Let l(f) = 11848*f + 106425. Calculate l(-9).
-207
Let r(g) = 3193*g - 95891. Give r(30).
-101
Let n(k) = 19081*k - 629675. Calculate n(33).
-2
Let a(o) = -372906*o + 7085218. What is a(19)?
4
Let i(r) = 2*r**3 - 60*r**2 + 496*r - 430. Determine i(14).
242
Let x(j) = -50*j + 3714. Give x(59).
764
Let g(d) = d**3 + 12*d**2 + 2*d + 469. Give g(-15).
-236
Let p(f) = -1513*f + 52804. Calculate p(35).
-151
Let m(g) = -2*g**3 + 12*g**2 + 31*g - 49. Determine m(12).
-1405
Let m(b) = 2*b**3 - 193*b**2 - 2392*b - 305. Determine m(-11).
-8
Let p(j) = 68914*j - 551337. Determine p(8).
-25
Let y(z) = -z**3 + 188*z**2 + 1363*z + 524. Calculate y(195).
134
Let n(t) = t**3 - 230*t**2 - 1709*t - 360. Calculate n(-7).
-10
Let s(z) = z**2 + 180058*z + 900262. What is s(-5)?
-3
Let o(h) = 5*h**2 + 1338*h + 1335. Calculate o(-1).
2
Let s(i) = 14*i**2 - 141*i + 75. Give s(1).
-52
Let r(p) = -524*p + 842. Give r(-2).
1890
Let r(t) = -5573*t + 11232. What is r(2)?
86
Let g(n) = n**3 - 26*n**2 - 259*n + 5965. What is g(18)?
-1289
Let p(w) = 2974*w + 1266902. Determine p(-426).
-22
Let k(o) = 1122*o - 8563. Give k(7).
-709
Let d(j) = 123*j**2 - 840*j + 54. Give d(7).
201
Let d(h) = -11900*h + 23641. Calculate d(2).
-159
Let b(w) = -619*w - 8834. Determine b(-16).
1070
Let u(i) = -73*i - 8185. Determine u(-108).
-301
Let a(f) = f**3 - 8*f**2 - 95*f + 550. Calculate a(6).
-92
Let v(b) = -2572*b - 35936. What is v(-14)?
72
Let o(j) = 552*j**3 + j**2 + 17*j + 14. Determine o(-1).
-554
Let h(p) = 33*p**2 - 310*p + 3669. Calculate h(12).
4701
Let h(d) = d**2 - 548*d - 81703. Calculate h(-122).
37
Let r(v) = 2*v**2 - 299160*v - 1495827. Give r(-5).
23
Let q(w) = -w**2 + 1234*w - 22157. Give q(18).
-269
Let n(j) = j**2 + 1736*j + 249338. Give n(-158).
14
Let d(f) = 17708*f + 301031. Give d(-17).
-5
Let y(i) = 842*i + 43922. Determine y(-56).
-3230
Let t(m) = 22*m**3 + 2201*m**2 + 93*m - 688. Give t(-100).
12
Let r(f) = 835454*f + 10025445. Calculate r(-12).
-3
Let v(o) = 37*o**2 + 527. Determine v(0).
527
Let w(k) = -k**3 - 412*k**2 - 7486*k - 7448. Give w(-393).
19
Let p(h) = -49*h**3 - 939*h**2 - 132*h + 391. What is p(-19)?
11
Let u(b) = 533*b + 16595. Determine u(-31).
72
Let q(s) = 483*s - 43353. What is q(90)?
117
Let z(o) = -39603*o - 3643537. What is z(-92)?
-61
Let l(i) = -139*i**2 - 376*i + 39. Calculate l(-3).
-84
Let h(a) = 12*a - 414. What is h(-155)?
-2274
Let p(i) = -8*i**3 + 731*i**2 - 210*i - 5708. Determine p(91).
25
Let h(d) = d**3 - 51325*d**2 - 461998*d + 73. Give h(-9).
1
Let k(c) = 307*c + 4502. Determine k(-13).
511
Let j(l) = -l**2 + 135*l - 667. Determine j(127).
349
Let c(v) = 43061*v - 645883. Determine c(15).
32
Let q(a) = -2*a**3 + 3520*a**2 - 86751*a + 19. Determine q(25).
-6
Let j(a) = -15*a**2 + 4045*a + 26217. What is j(276)?
-3
Let i(g) = g**3 + 14*g**2 - 43*g - 51. What is i(-16)?
125
Let z(n) = 427*n**2 - 286478*n - 26173. What is z(671)?
-4
Let z(k) = -31*k**3 - 17*k**2 + 3*k + 50. Give z(2).
-260
Let f(a) = 108*a + 9859. Calculate f(-108).
-1805
Let d(k) = -k**2 + 581*k - 23074. What is d(43)?
60
Let w(f) = 3*f**3 + 515*f**2 - 210*f - 5976. What is w(-172)?
560
Let x(l) = -84705*l + 7538756. Give x(89).
11
Let m(q) = -q**2 + 123*q - 2678. What is m(25)?
-228
Let g(m) = -12*m**2 - 1299*m - 1613. Give g(-107).
-8
Let g(v) = -19*v**3 + 550*v**2 + 45*v - 508. Determine g(29).
-44
Let l(m) = -m**2 - 4706*m - 219003. Give l(-47).
-30
Let r(j) = j**2 + 58*j - 6437. What is r(55)?
-222
Let g(h) = -h**3 + 51*h**2 - 418*h + 472. What is g(40)?
1352
Let f(b) = 34602*b - 207577. Calculate f(6).
35
Let n(k) = -k**3 - 69*k**2 + 55*k + 858. Give n(-69).
-2937
Let l(i) = -2559*i - 5286. Give l(-2).
-168
Let o(y) = -616*y**2 + 1833*y + 4. What is o(3)?
-41
Let t(b) = 13304*b - 26385. What is t(2)?
223
Let b(x) = -x**2 - 3898*x - 73729. Calculate b(-19).
-28
Let x(b) = b**3 - 31*b**2 + 334*b - 1403. Give x(15).
7
Let x(c) = c**3 + 2*c**2 - 870*c - 3211. Determine x(0).
-3211
Let j(v) = -11*v**3 + 98*v**2 - 2*v - 10. What is j(10)?
-1230
Let f(b) = 2*b**2 + 2881*b + 14359. What is f(-5)?
4
Let i(h) = -h**3 + 91*h**2 - 91*h + 93. Give i(90).
3
Let i(d) = 87*d - 12135. What is i(137)?
-216
Let h(j) = j**3 + 510*j**2 - 973*j + 26113. Calculate h(-512).
1
Let k(c) = -585*c**2 + 2321*c - 32. What is k(4)?
-108
Let f(i) = 15447*i + 46353. What is f(-3)?
12
Let t(c) = -c**2 + 1035*c - 239065. Determine t(348).
11
Let u(d) = 18*d**3 - 10*d**2 - 789*d + 3154. Calculate u(4).
990
Let i(m) = -3*m**3 - 182*m**2 - 2725*m + 41. Calculate i(-27).
-13
Let u(j) = 27099*j + 732315. What is u(-27)?
642
Let t(m) = 3*m**2 + 193*m + 273. Give t(-33).
-2829
Let n(k) = 2235*k - 84749. Give n(38).
181
Let v(a) = -185*a**2 + 1171*a - 369. Give v(6).
-3
Let f(m) = -2*m**2 - 263*m - 11721. Determine f(-63).
-3090
Let k(j) = 585642*j. Calculate k(0).
0
Let p(t) = -1158*t + 5782. What is p(5)?
-8
Let d(h) = 16*h**2 + 11*h + 9. What is d(0)?
9
Let j(c) = 64757*c + 1295166. Determine j(-20).
26
Let c(j) = -5308*j + 4222. Determine c(1).
-1086
Let y(i) = -i**2 - 109*i + 14230. What is y(78)?
-356
Let u(p) = -81556*p - 1386471. Determine u(-17).
-19
Let i(v) = -1931*v - 210498. Determine i(-109).
-19
Let b(n) = 3*n**3 + 9*n**2 + 1478*n - 2951. Calculate b(2).
65
Let z(j) = -j**3 - 12*j**2 + 11*j + 334. Give z(-14).
572
Let i(j) = j**3 - 108*j**2 + 226*j - 676. Give i(106).
808
Let w(s) = -s**2 - 72896*s + 437415. Give w(6).
3
Let q(u) = u**3 - 535*u**2 - 23615*u - 1055. Determine q(576).
-479
Let i(u) = 1930*u - 225807. Give i(117).
3
Let f(p) = p**2 + 249*p + 16064. Give f(-103).
1026
Let n(x) = -861*x - 48847. Give n(-55).
-1492
Let c(i) = 7*i**2 + 4088*i + 4076. Determine c(-1).
-5
Let j(w) = -264*w + 39948. Calculate j(151).
84
Let g(m) = -15*m**2 + 191*m + 369. What is g(19)?
-1417
Let n(v) = 77116*v + 154331. Give n(-2).
99
Let d(p) = 2*p**2 - 17357*p + 5107834. Give d(305).
-1
Let z(c) = 550*c**2 + 72601*c - 32. Determine z(-132).
-164
Let n(u) = 19136*u + 1971007.